{"id":869,"date":"2014-10-04T14:46:19","date_gmt":"2014-10-04T13:46:19","guid":{"rendered":"http:\/\/www.ursy2014.ch\/?page_id=869"},"modified":"2020-06-18T20:22:16","modified_gmt":"2020-06-18T19:22:16","slug":"presentation","status":"publish","type":"page","link":"https:\/\/www.fanfareursy.ch\/?page_id=869","title":{"rendered":"Pr\u00e9sentation"},"content":{"rendered":"<div class=\"page\" title=\"Page 17\">\n<div class=\"section\">\n<div class=\"layoutArea\">\n<div class=\"column\">\n<blockquote><p>Notre soci\u00e9t\u00e9 de musique, parrain\u00e9e par Messieurs G\u00e9rald Bovet et Louis Magnin, se produit en formation brass band en 1\u00e8re cat\u00e9gorie (1er rang \u00e0 la f\u00eate cantonale en 2015). Elle se fait un plaisir de pr\u00e9senter chaque ann\u00e9e un concert annuel en coop\u00e9ration avec ses <a href=\"http:\/\/www.fanfareursy.ch\/?page_id=929\">tambours<\/a>.<\/p><\/blockquote>\n<p><a href=\"http:\/\/www.fanfareursy.ch\/wp-content\/uploads\/2014\/10\/22820691064_9a9e3b097d_o.jpg\"><img loading=\"lazy\" decoding=\"async\" class=\"alignnone size-large wp-image-1482\" src=\"http:\/\/www.fanfareursy.ch\/wp-content\/uploads\/2014\/10\/22820691064_9a9e3b097d_o-1024x395.jpg\" alt=\"\" width=\"584\" height=\"225\" srcset=\"https:\/\/www.fanfareursy.ch\/wp-content\/uploads\/2014\/10\/22820691064_9a9e3b097d_o-1024x395.jpg 1024w, https:\/\/www.fanfareursy.ch\/wp-content\/uploads\/2014\/10\/22820691064_9a9e3b097d_o-300x116.jpg 300w, https:\/\/www.fanfareursy.ch\/wp-content\/uploads\/2014\/10\/22820691064_9a9e3b097d_o-500x193.jpg 500w, https:\/\/www.fanfareursy.ch\/wp-content\/uploads\/2014\/10\/22820691064_9a9e3b097d_o-1024x395@2x.jpg 2048w, https:\/\/www.fanfareursy.ch\/wp-content\/uploads\/2014\/10\/22820691064_9a9e3b097d_o-300x116@2x.jpg 600w, https:\/\/www.fanfareursy.ch\/wp-content\/uploads\/2014\/10\/22820691064_9a9e3b097d_o-500x193@2x.jpg 1000w\" sizes=\"auto, (max-width: 584px) 100vw, 584px\" \/><\/a><\/p>\n<p>Notre r\u00e9pertoire est tr\u00e8s vari\u00e9, cela va du classique \u00e0 des styles beaucoup plus modernes, comme le veut la tradition des brass bands.<\/p>\n<p>Nous participons \u00e9galement aux Girons gl\u00e2nois, ainsi qu\u2019aux diverses f\u00eates religieuses et communales.<\/p>\n<p>Nous avons la chance de compter parmi nous encore un membre fondateur.<\/p>\n<\/div>\n<\/div>\n<\/div>\n<\/div>\n","protected":false},"excerpt":{"rendered":"<p>Notre soci\u00e9t\u00e9 de musique, parrain\u00e9e par Messieurs G\u00e9rald Bovet et Louis Magnin, se produit en formation brass band en 1\u00e8re cat\u00e9gorie (1er rang \u00e0 la f\u00eate cantonale en 2015). Elle se fait un plaisir de pr\u00e9senter chaque ann\u00e9e un concert &hellip; <a href=\"https:\/\/www.fanfareursy.ch\/?page_id=869\">Continuer la lecture <span class=\"meta-nav\">&rarr;<\/span><\/a><\/p>\n","protected":false},"author":76,"featured_media":0,"parent":0,"menu_order":0,"comment_status":"closed","ping_status":"closed","template":"sidebar-page.php","meta":{"footnotes":""},"class_list":["post-869","page","type-page","status-publish","hentry"],"_links":{"self":[{"href":"https:\/\/www.fanfareursy.ch\/index.php?rest_route=\/wp\/v2\/pages\/869","targetHints":{"allow":["GET"]}}],"collection":[{"href":"https:\/\/www.fanfareursy.ch\/index.php?rest_route=\/wp\/v2\/pages"}],"about":[{"href":"https:\/\/www.fanfareursy.ch\/index.php?rest_route=\/wp\/v2\/types\/page"}],"author":[{"embeddable":true,"href":"https:\/\/www.fanfareursy.ch\/index.php?rest_route=\/wp\/v2\/users\/76"}],"replies":[{"embeddable":true,"href":"https:\/\/www.fanfareursy.ch\/index.php?rest_route=%2Fwp%2Fv2%2Fcomments&post=869"}],"version-history":[{"count":9,"href":"https:\/\/www.fanfareursy.ch\/index.php?rest_route=\/wp\/v2\/pages\/869\/revisions"}],"predecessor-version":[{"id":1988,"href":"https:\/\/www.fanfareursy.ch\/index.php?rest_route=\/wp\/v2\/pages\/869\/revisions\/1988"}],"wp:attachment":[{"href":"https:\/\/www.fanfareursy.ch\/index.php?rest_route=%2Fwp%2Fv2%2Fmedia&parent=869"}],"curies":[{"name":"wp","href":"https:\/\/api.w.org\/{rel}","templated":true}]}}

Présentation

<div class="page" title="Page 17">
<div class="section">
<div class="layoutArea">
<div class="column">
<blockquote><p>Notre société de musique, parrainée par Messieurs Gérald Bovet et Louis Magnin, se produit en formation brass band en 1ère catégorie (1er rang à la fête cantonale en 2015). Elle se fait un plaisir de présenter chaque année un concert annuel en coopération avec ses <a href="http://www.fanfareursy.ch/?page_id=929">tambours</a>.</p></blockquote>
<p><a href="http://www.fanfareursy.ch/wp-content/uploads/2014/10/22820691064_9a9e3b097d_o.jpg"><img loading="lazy" decoding="async" class="alignnone size-large wp-image-1482" src="http://www.fanfareursy.ch/wp-content/uploads/2014/10/22820691064_9a9e3b097d_o-1024x395.jpg" alt="" width="584" height="225" srcset="https://www.fanfareursy.ch/wp-content/uploads/2014/10/22820691064_9a9e3b097d_o-1024x395.jpg 1024w, https://www.fanfareursy.ch/wp-content/uploads/2014/10/22820691064_9a9e3b097d_o-300x116.jpg 300w, https://www.fanfareursy.ch/wp-content/uploads/2014/10/22820691064_9a9e3b097d_o-500x193.jpg 500w, https://www.fanfareursy.ch/wp-content/uploads/2014/10/22820691064_9a9e3b097d_o-1024x395@2x.jpg 2048w, https://www.fanfareursy.ch/wp-content/uploads/2014/10/22820691064_9a9e3b097d_o-300x116@2x.jpg 600w, https://www.fanfareursy.ch/wp-content/uploads/2014/10/22820691064_9a9e3b097d_o-500x193@2x.jpg 1000w" sizes="auto, (max-width: 584px) 100vw, 584px" /></a></p>
<p>Notre répertoire est très varié, cela va du classique à des styles beaucoup plus modernes, comme le veut la tradition des brass bands.</p>
<p>Nous participons également aux Girons glânois, ainsi qu’aux diverses fêtes religieuses et communales.</p>
<p>Nous avons la chance de compter parmi nous encore un membre fondateur.</p>
</div>
</div>
</div>
</div>

<p>Notre société de musique, parrainée par Messieurs Gérald Bovet et Louis Magnin, se produit en formation brass band en 1ère catégorie (1er rang à la fête cantonale en 2015). Elle se fait un plaisir de présenter chaque année un concert &hellip; <a href="https://www.fanfareursy.ch/?page_id=869">Continuer la lecture <span class="meta-nav">&rarr;</span></a></p>
