{"id":889,"date":"2014-10-04T16:01:12","date_gmt":"2014-10-04T15:01:12","guid":{"rendered":"http:\/\/www.ursy2014.ch\/?page_id=889"},"modified":"2025-01-24T15:38:02","modified_gmt":"2025-01-24T14:38:02","slug":"on-scroche","status":"publish","type":"page","link":"https:\/\/www.fanfareursy.ch\/?page_id=889","title":{"rendered":"Cadets \u00ab\u00a0On s&rsquo;croche\u00a0\u00bb"},"content":{"rendered":"<div class=\"page\" title=\"Page 25\">\n<div class=\"section\">\n<div class=\"layoutArea\">\n<div class=\"column\">\n<p><a href=\"http:\/\/www.fanfareursy.ch\/wp-content\/uploads\/2025\/01\/Photo-Cadets-2025.png\"><img loading=\"lazy\" decoding=\"async\" class=\"alignnone size-full wp-image-2410\" src=\"http:\/\/www.fanfareursy.ch\/wp-content\/uploads\/2025\/01\/Photo-Cadets-2025.png\" alt=\"\" width=\"638\" height=\"297\" srcset=\"https:\/\/www.fanfareursy.ch\/wp-content\/uploads\/2025\/01\/Photo-Cadets-2025.png 638w, https:\/\/www.fanfareursy.ch\/wp-content\/uploads\/2025\/01\/Photo-Cadets-2025-300x140.png 300w, https:\/\/www.fanfareursy.ch\/wp-content\/uploads\/2025\/01\/Photo-Cadets-2025-500x233.png 500w, https:\/\/www.fanfareursy.ch\/wp-content\/uploads\/2025\/01\/Photo-Cadets-2025-300x140@2x.png 600w\" sizes=\"auto, (max-width: 638px) 100vw, 638px\" \/><\/a>Jusqu\u2019en septembre 1995, la Fanfare Paroissiale d\u2019Ursy n\u2019avait officiellement pas de groupe de cadets. Ce n\u2019est que cette ann\u00e9e-l\u00e0, sous l\u2019impulsion de Philippe Demierre, leur dynamique directeur, que se cr\u00e9a le Brass Band des Jeunes d\u2019Ursy, avec une premi\u00e8re participation \u00e0 la F\u00eate cantonale des Jeunes Musiciens \u00e0 la Tour-de-Tr\u00eame en 1996. Alain Oberson dirigea cet ensemble de 1999 \u00e0 2005 ; lui succ\u00e9d\u00e8rent S\u00e9bastien Cottet en 2006 et Mika\u00ebl Dorthe en 2007.<\/p>\n<p>La Fanfare d\u2019Ursy prit l\u2019initiative en 2006 de contacter la Fanfare de Rue et Promasens pour un ralliement des corps de cadets. Ce fut fait avec succ\u00e8s. Ce nouvel ensemble des jeunes musiciens s\u2019appelle \u00ab\u00a0On s\u2019croche\u00a0\u00bb et il est actuellement dirig\u00e9 par Andr\u00e9 Peiry. Il se produit en 1\u00e8re partie des concerts de Promasens-Rue et Ursy et donne son propre concert annuel en collaboration avec les plus jeunes de l\u2019\u00e9cole de musique. Il participe \u00e9galement aux rencontres des jeunes cadets.<\/p>\n<\/div>\n<\/div>\n<\/div>\n<\/div>\n","protected":false},"excerpt":{"rendered":"<p>Jusqu\u2019en septembre 1995, la Fanfare Paroissiale d\u2019Ursy n\u2019avait officiellement pas de groupe de cadets. Ce n\u2019est que cette ann\u00e9e-l\u00e0, sous l\u2019impulsion de Philippe Demierre, leur dynamique directeur, que se cr\u00e9a le Brass Band des Jeunes d\u2019Ursy, avec une premi\u00e8re participation &hellip; <a href=\"https:\/\/www.fanfareursy.ch\/?page_id=889\">Continuer la lecture <span class=\"meta-nav\">&rarr;<\/span><\/a><\/p>\n","protected":false},"author":76,"featured_media":0,"parent":0,"menu_order":0,"comment_status":"closed","ping_status":"closed","template":"sidebar-page.php","meta":{"footnotes":""},"class_list":["post-889","page","type-page","status-publish","hentry"],"_links":{"self":[{"href":"https:\/\/www.fanfareursy.ch\/index.php?rest_route=\/wp\/v2\/pages\/889","targetHints":{"allow":["GET"]}}],"collection":[{"href":"https:\/\/www.fanfareursy.ch\/index.php?rest_route=\/wp\/v2\/pages"}],"about":[{"href":"https:\/\/www.fanfareursy.ch\/index.php?rest_route=\/wp\/v2\/types\/page"}],"author":[{"embeddable":true,"href":"https:\/\/www.fanfareursy.ch\/index.php?rest_route=\/wp\/v2\/users\/76"}],"replies":[{"embeddable":true,"href":"https:\/\/www.fanfareursy.ch\/index.php?rest_route=%2Fwp%2Fv2%2Fcomments&post=889"}],"version-history":[{"count":9,"href":"https:\/\/www.fanfareursy.ch\/index.php?rest_route=\/wp\/v2\/pages\/889\/revisions"}],"predecessor-version":[{"id":2412,"href":"https:\/\/www.fanfareursy.ch\/index.php?rest_route=\/wp\/v2\/pages\/889\/revisions\/2412"}],"wp:attachment":[{"href":"https:\/\/www.fanfareursy.ch\/index.php?rest_route=%2Fwp%2Fv2%2Fmedia&parent=889"}],"curies":[{"name":"wp","href":"https:\/\/api.w.org\/{rel}","templated":true}]}}