{"id":922,"date":"2014-11-02T18:31:58","date_gmt":"2014-11-02T17:31:58","guid":{"rendered":"http:\/\/www.ursy2014.ch\/?page_id=922"},"modified":"2016-01-02T21:42:40","modified_gmt":"2016-01-02T20:42:40","slug":"notre-drapeau","status":"publish","type":"page","link":"https:\/\/www.fanfareursy.ch\/?page_id=922","title":{"rendered":"Notre drapeau"},"content":{"rendered":"<p><a href=\"http:\/\/www.fanfareursy.ch\/wp-content\/uploads\/2014\/11\/drapeau.jpg\" rel=\"attachment wp-att-1557\"><img loading=\"lazy\" decoding=\"async\" class=\"size-thumbnail wp-image-1557 alignleft\" src=\"http:\/\/www.fanfareursy.ch\/wp-content\/uploads\/2014\/11\/drapeau-150x150.jpg\" alt=\"drapeau\" width=\"150\" height=\"150\" srcset=\"https:\/\/www.fanfareursy.ch\/wp-content\/uploads\/2014\/11\/drapeau-150x150.jpg 150w, https:\/\/www.fanfareursy.ch\/wp-content\/uploads\/2014\/11\/drapeau-150x150@2x.jpg 300w\" sizes=\"auto, (max-width: 150px) 100vw, 150px\" \/><\/a>Monsieur Marcel Colliard est le dessinateur de notre nouvelle banni\u00e8re.<\/p>\n<p>C&rsquo;est lui qui a eu la joie de le pr\u00e9senter lors son inauguration, le 20 novembre 2005, ann\u00e9e du 40\u00e8me anniversaire de la Fanfare d&rsquo;Ursy.<\/p>\n<p>Dans sa d\u00e9marche artistique, il a eu dans l&rsquo;esprit le fait qu&rsquo;il ne suffit pas qu&rsquo;un drapeau soit beau, mais il faut qu&rsquo;il ait un sens, d&rsquo;o\u00f9 l&rsquo;importance accord\u00e9e \u00e0 la symbolique.<\/p>\n<p>Le drapeau est con\u00e7u comme un grand vitrail aux formes g\u00e9om\u00e9triques tr\u00e8s simples.<\/p>\n<p>Il est facilement rep\u00e9rable et reconnaissable. Les couleurs vives sont \u00e0 l&rsquo;image de la Fanfare d&rsquo;Ursy qui, avec son costume, son style, a de l&rsquo;\u00e9clat. Marcel a mis dans ce drapeau les cinq couleurs que l&rsquo;on trouve dans les armoiries des villages de la Paroisse :<\/p>\n<p>Bleu, jaune et blanc, mais le rouge et le blanc, ce sont aussi les couleurs de la Gl\u00e2ne ; le noir et le blanc ; celles de Fribourg.<\/p>\n<p>Et les symboles ne s&rsquo;arr\u00eatent pas l\u00e0 :<\/p>\n<ul>\n<li>le bleu : couleur de l&rsquo;esprit, du souffle, de l&rsquo;espace&#8230;<\/li>\n<li>le jaune : couleur de l&rsquo;or, de la lumi\u00e8re, de la joie distill\u00e9e par la musique&#8230;<\/li>\n<li>le noir : couleur de la terre profonde o\u00f9 sont nos racines&#8230;<\/li>\n<li>le rouge : couleur de la mati\u00e8re, mais aussi du sang qui fait vivre&#8230;<\/li>\n<\/ul>\n<p>Le drapeau symbolise aussi une histoire : ainsi une partie rappelle la naissance de cette soci\u00e9t\u00e9 humaine qu&rsquo;est la fanfare, et la r\u00e9gion o\u00f9 elle vit (un clocher, signe de ralliement&#8230; une maison, signe d&rsquo;attachement \u00e0 un nid familial et la douceur d&rsquo;un paysage traduit par les formes arrondies faisant aussi r\u00e9f\u00e9rence \u00e0 la maternit\u00e9.)<\/p>\n<p>L&rsquo;autre partie form\u00e9e d&rsquo;une grande bande verticale, comme une grande construction, rappelle que la soci\u00e9t\u00e9 a grandi au cours des ann\u00e9es et qu&rsquo;elle doit continuer \u00e0 monter&#8230; toujours plus haut. Une grande cl\u00e9 de sol stylis\u00e9e s&rsquo;accroche \u00e0 cette construction et nous ouvre la porte de la musique. Celle-ci na\u00eet l\u00e0-haut, entre la mati\u00e8re et l&rsquo;esprit, et traverse le temps et l&rsquo;espace (grande partie bleue) par une trompette dont le pavillon s&rsquo;ouvre tout grand sur le pays pour apporter la musique, l\u00e0 o\u00f9 sont nos racines, l\u00e0 o\u00f9 sont nos amours.<\/p>\n","protected":false},"excerpt":{"rendered":"<p>Monsieur Marcel Colliard est le dessinateur de notre nouvelle banni\u00e8re. C&rsquo;est lui qui a eu la joie de le pr\u00e9senter lors son inauguration, le 20 novembre 2005, ann\u00e9e du 40\u00e8me anniversaire de la Fanfare d&rsquo;Ursy. Dans sa d\u00e9marche artistique, il &hellip; <a href=\"https:\/\/www.fanfareursy.ch\/?page_id=922\">Continuer la lecture <span class=\"meta-nav\">&rarr;<\/span><\/a><\/p>\n","protected":false},"author":76,"featured_media":0,"parent":0,"menu_order":0,"comment_status":"closed","ping_status":"closed","template":"sidebar-page.php","meta":{"footnotes":""},"class_list":["post-922","page","type-page","status-publish","hentry"],"_links":{"self":[{"href":"https:\/\/www.fanfareursy.ch\/index.php?rest_route=\/wp\/v2\/pages\/922","targetHints":{"allow":["GET"]}}],"collection":[{"href":"https:\/\/www.fanfareursy.ch\/index.php?rest_route=\/wp\/v2\/pages"}],"about":[{"href":"https:\/\/www.fanfareursy.ch\/index.php?rest_route=\/wp\/v2\/types\/page"}],"author":[{"embeddable":true,"href":"https:\/\/www.fanfareursy.ch\/index.php?rest_route=\/wp\/v2\/users\/76"}],"replies":[{"embeddable":true,"href":"https:\/\/www.fanfareursy.ch\/index.php?rest_route=%2Fwp%2Fv2%2Fcomments&post=922"}],"version-history":[{"count":4,"href":"https:\/\/www.fanfareursy.ch\/index.php?rest_route=\/wp\/v2\/pages\/922\/revisions"}],"predecessor-version":[{"id":1559,"href":"https:\/\/www.fanfareursy.ch\/index.php?rest_route=\/wp\/v2\/pages\/922\/revisions\/1559"}],"wp:attachment":[{"href":"https:\/\/www.fanfareursy.ch\/index.php?rest_route=%2Fwp%2Fv2%2Fmedia&parent=922"}],"curies":[{"name":"wp","href":"https:\/\/api.w.org\/{rel}","templated":true}]}}