{"id":929,"date":"2014-11-02T18:40:15","date_gmt":"2014-11-02T17:40:15","guid":{"rendered":"http:\/\/www.ursy2014.ch\/?page_id=929"},"modified":"2020-01-09T17:02:57","modified_gmt":"2020-01-09T16:02:57","slug":"presentation-2","status":"publish","type":"page","link":"https:\/\/www.fanfareursy.ch\/?page_id=929","title":{"rendered":"Pr\u00e9sentation"},"content":{"rendered":"<p><a href=\"http:\/\/www.fanfareursy.ch\/wp-content\/uploads\/2014\/11\/Tambours3.jpg\"><img loading=\"lazy\" decoding=\"async\" class=\"alignnone wp-image-1480 size-large\" src=\"http:\/\/www.fanfareursy.ch\/wp-content\/uploads\/2014\/11\/Tambours3-1024x558.jpg\" alt=\"\" width=\"584\" height=\"318\" srcset=\"https:\/\/www.fanfareursy.ch\/wp-content\/uploads\/2014\/11\/Tambours3-1024x558.jpg 1024w, https:\/\/www.fanfareursy.ch\/wp-content\/uploads\/2014\/11\/Tambours3-300x164.jpg 300w, https:\/\/www.fanfareursy.ch\/wp-content\/uploads\/2014\/11\/Tambours3-500x273.jpg 500w, https:\/\/www.fanfareursy.ch\/wp-content\/uploads\/2014\/11\/Tambours3-1024x558@2x.jpg 2048w, https:\/\/www.fanfareursy.ch\/wp-content\/uploads\/2014\/11\/Tambours3-300x164@2x.jpg 600w, https:\/\/www.fanfareursy.ch\/wp-content\/uploads\/2014\/11\/Tambours3-500x273@2x.jpg 1000w\" sizes=\"auto, (max-width: 584px) 100vw, 584px\" \/><\/a>Notre groupe de tambours, compos\u00e9 actuellement de 14 membres, se pr\u00e9sente en formation de batterie anglaise et s&rsquo;entra\u00eene le jeudi soir.<\/p>\n<p>Ils accompagnent r\u00e9guli\u00e8rement la fanfare lors des concerts, sorties et autres d\u00e9fil\u00e9s. Ils participent \u00e9galement chaque ann\u00e9e au Giron Gl\u00e2nois ou \u00e0 la f\u00eate cantonale fribourgeoises tous les 5 ans en se produisant devant des experts (2\u00e8me rang en 2015).<\/p>\n<p>Leur participation \u00e0 la F\u00eate Cantonale des Musiques Vaudoises \u00e0 la Vall\u00e9e de Joux en 2018 leur a valu une excellente 1<sup>\u00e8re<\/sup>\u00a0place !<\/p>\n<h2>Membres<\/h2>\n\n<table id=\"tablepress-8\" class=\"tablepress tablepress-id-8\">\n<tbody class=\"row-striping row-hover\">\n<tr class=\"row-1\">\n\t<td class=\"column-1\"><a href=\"http:\/\/www.fanfareursy.ch\/?page_id=932\">Directeur<\/a><\/td><td class=\"column-2\">Simon Panchaud<\/td>\n<\/tr>\n<tr class=\"row-2\">\n\t<td class=\"column-1\">Tambours<\/td><td class=\"column-2\">Fabrice  Conus<br \/>\nTristan Magnin<br \/>\nJulien Marguerat<br \/>\nDenis Neuhaus<br \/>\nXavier Neuhaus<br \/>\nAur\u00e9lien Pachoud<br \/>\nBernard  Panchaud<br \/>\nBertrand Panchaud<br \/>\nEtienne  Panchaud<br \/>\nSimon Panchaud<br \/>\nLouis Panchaud<br \/>\nTiphanie Panchaud<br \/>\nLouis  Richoz<\/td>\n<\/tr>\n<\/tbody>\n<\/table>\n<!-- #tablepress-8 from cache -->\n","protected":false},"excerpt":{"rendered":"<p>Notre groupe de tambours, compos\u00e9 actuellement de 14 membres, se pr\u00e9sente en formation de batterie anglaise et s&rsquo;entra\u00eene le jeudi soir. Ils accompagnent r\u00e9guli\u00e8rement la fanfare lors des concerts, sorties et autres d\u00e9fil\u00e9s. Ils participent \u00e9galement chaque ann\u00e9e au Giron &hellip; <a href=\"https:\/\/www.fanfareursy.ch\/?page_id=929\">Continuer la lecture <span class=\"meta-nav\">&rarr;<\/span><\/a><\/p>\n","protected":false},"author":76,"featured_media":0,"parent":0,"menu_order":0,"comment_status":"closed","ping_status":"closed","template":"sidebar-page.php","meta":{"footnotes":""},"class_list":["post-929","page","type-page","status-publish","hentry"],"_links":{"self":[{"href":"https:\/\/www.fanfareursy.ch\/index.php?rest_route=\/wp\/v2\/pages\/929","targetHints":{"allow":["GET"]}}],"collection":[{"href":"https:\/\/www.fanfareursy.ch\/index.php?rest_route=\/wp\/v2\/pages"}],"about":[{"href":"https:\/\/www.fanfareursy.ch\/index.php?rest_route=\/wp\/v2\/types\/page"}],"author":[{"embeddable":true,"href":"https:\/\/www.fanfareursy.ch\/index.php?rest_route=\/wp\/v2\/users\/76"}],"replies":[{"embeddable":true,"href":"https:\/\/www.fanfareursy.ch\/index.php?rest_route=%2Fwp%2Fv2%2Fcomments&post=929"}],"version-history":[{"count":7,"href":"https:\/\/www.fanfareursy.ch\/index.php?rest_route=\/wp\/v2\/pages\/929\/revisions"}],"predecessor-version":[{"id":1882,"href":"https:\/\/www.fanfareursy.ch\/index.php?rest_route=\/wp\/v2\/pages\/929\/revisions\/1882"}],"wp:attachment":[{"href":"https:\/\/www.fanfareursy.ch\/index.php?rest_route=%2Fwp%2Fv2%2Fmedia&parent=929"}],"curies":[{"name":"wp","href":"https:\/\/api.w.org\/{rel}","templated":true}]}}

Présentation

<p><a href="http://www.fanfareursy.ch/wp-content/uploads/2014/11/Tambours3.jpg"><img loading="lazy" decoding="async" class="alignnone wp-image-1480 size-large" src="http://www.fanfareursy.ch/wp-content/uploads/2014/11/Tambours3-1024x558.jpg" alt="" width="584" height="318" srcset="https://www.fanfareursy.ch/wp-content/uploads/2014/11/Tambours3-1024x558.jpg 1024w, https://www.fanfareursy.ch/wp-content/uploads/2014/11/Tambours3-300x164.jpg 300w, https://www.fanfareursy.ch/wp-content/uploads/2014/11/Tambours3-500x273.jpg 500w, https://www.fanfareursy.ch/wp-content/uploads/2014/11/Tambours3-1024x558@2x.jpg 2048w, https://www.fanfareursy.ch/wp-content/uploads/2014/11/Tambours3-300x164@2x.jpg 600w, https://www.fanfareursy.ch/wp-content/uploads/2014/11/Tambours3-500x273@2x.jpg 1000w" sizes="auto, (max-width: 584px) 100vw, 584px" /></a>Notre groupe de tambours, composé actuellement de 14 membres, se présente en formation de batterie anglaise et s&rsquo;entraîne le jeudi soir.</p>
<p>Ils accompagnent régulièrement la fanfare lors des concerts, sorties et autres défilés. Ils participent également chaque année au Giron Glânois ou à la fête cantonale fribourgeoises tous les 5 ans en se produisant devant des experts (2ème rang en 2015).</p>
<p>Leur participation à la Fête Cantonale des Musiques Vaudoises à la Vallée de Joux en 2018 leur a valu une excellente 1<sup>ère</sup> place !</p>
<h2>Membres</h2>

<table id="tablepress-8" class="tablepress tablepress-id-8">
<tbody class="row-striping row-hover">
<tr class="row-1">
	<td class="column-1"><a href="http://www.fanfareursy.ch/?page_id=932">Directeur</a></td><td class="column-2">Simon Panchaud</td>
</tr>
<tr class="row-2">
	<td class="column-1">Tambours</td><td class="column-2">Fabrice  Conus<br />
Tristan Magnin<br />
Julien Marguerat<br />
Denis Neuhaus<br />
Xavier Neuhaus<br />
Aurélien Pachoud<br />
Bernard  Panchaud<br />
Bertrand Panchaud<br />
Etienne  Panchaud<br />
Simon Panchaud<br />
Louis Panchaud<br />
Tiphanie Panchaud<br />
Louis  Richoz</td>
</tr>
</tbody>
</table>
<!-- #tablepress-8 from cache -->

<p>Notre groupe de tambours, composé actuellement de 14 membres, se présente en formation de batterie anglaise et s&rsquo;entraîne le jeudi soir. Ils accompagnent régulièrement la fanfare lors des concerts, sorties et autres défilés. Ils participent également chaque année au Giron &hellip; <a href="https://www.fanfareursy.ch/?page_id=929">Continuer la lecture <span class="meta-nav">&rarr;</span></a></p>
